{"version":"1.0","provider_name":"Handy.Brussels - Brussels for All !","provider_url":"https:\/\/handy.brussels\/en\/","author_name":"Andr\u00e9 Moons","author_url":"https:\/\/handy.brussels\/en\/author\/andre\/","title":"WIELS | Centre d'Art Contemporain - Handy.Brussels - Brussels for All !","type":"rich","width":600,"height":338,"html":"<blockquote class=\"wp-embedded-content\" data-secret=\"j8DtgkPgCa\"><a href=\"https:\/\/handy.brussels\/en\/adresses\/wiels-centre-dart-contemporain\/\">WIELS | Centre d&#8217;Art Contemporain<\/a><\/blockquote><iframe sandbox=\"allow-scripts\" security=\"restricted\" src=\"https:\/\/handy.brussels\/en\/adresses\/wiels-centre-dart-contemporain\/embed\/#?secret=j8DtgkPgCa\" width=\"600\" height=\"338\" title=\"&#8220;WIELS | Centre d&#8217;Art Contemporain&#8221; &#8212; Handy.Brussels - Brussels for All !\" data-secret=\"j8DtgkPgCa\" frameborder=\"0\" marginwidth=\"0\" marginheight=\"0\" scrolling=\"no\" class=\"wp-embedded-content\"><\/iframe><script type=\"text\/javascript\">\n\/* <![CDATA[ *\/\n\/*! This file is auto-generated *\/\n!function(d,l){\"use strict\";l.querySelector&&d.addEventListener&&\"undefined\"!=typeof URL&&(d.wp=d.wp||{},d.wp.receiveEmbedMessage||(d.wp.receiveEmbedMessage=function(e){var t=e.data;if((t||t.secret||t.message||t.value)&&!\/[^a-zA-Z0-9]\/.test(t.secret)){for(var s,r,n,a=l.querySelectorAll('iframe[data-secret=\"'+t.secret+'\"]'),o=l.querySelectorAll('blockquote[data-secret=\"'+t.secret+'\"]'),c=new RegExp(\"^https?:$\",\"i\"),i=0;i<o.length;i++)o[i].style.display=\"none\";for(i=0;i<a.length;i++)s=a[i],e.source===s.contentWindow&&(s.removeAttribute(\"style\"),\"height\"===t.message?(1e3<(r=parseInt(t.value,10))?r=1e3:~~r<200&&(r=200),s.height=r):\"link\"===t.message&&(r=new URL(s.getAttribute(\"src\")),n=new URL(t.value),c.test(n.protocol))&&n.host===r.host&&l.activeElement===s&&(d.top.location.href=t.value))}},d.addEventListener(\"message\",d.wp.receiveEmbedMessage,!1),l.addEventListener(\"DOMContentLoaded\",function(){for(var e,t,s=l.querySelectorAll(\"iframe.wp-embedded-content\"),r=0;r<s.length;r++)(t=(e=s[r]).getAttribute(\"data-secret\"))||(t=Math.random().toString(36).substring(2,12),e.src+=\"#?secret=\"+t,e.setAttribute(\"data-secret\",t)),e.contentWindow.postMessage({message:\"ready\",secret:t},\"*\")},!1)))}(window,document);\n\/* ]]> *\/\n<\/script>\n","thumbnail_url":"https:\/\/handy.brussels\/wp-content\/uploads\/2017\/07\/DSC00058-3.jpg","thumbnail_width":314,"thumbnail_height":235,"description":"Organis\u00e9 sous forme d\u2019asbl, le WIELS n\u2019est ni un mus\u00e9e, ni une \u00ab Kunsthalle \u00bb ou encore un palais des beaux-arts, mais bien une institution qui int\u00e8gre, dans un m\u00eame lieu, les fonctions de pr\u00e9sentation, de production et d\u2019\u00e9ducation. Le centre d\u00e9veloppe donc un ensemble d\u2019activit\u00e9s temporaires sans constituer de collection, et ce au sein&nbsp; &hellip;"}

André Moons

Organisé sous forme d’asbl, le WIELS n’est ni un musée, ni une « Kunsthalle » ou encore un palais des beaux-arts, mais bien une institution qui intègre, dans un même lieu, les fonctions de présentation, de production et d’éducation. Le centre développe donc un ensemble d’activités temporaires sans constituer de collection, et ce au sein&nbsp; &hellip;
